 12
-367858
What is -613565 (base 12) in base 16?
-17305d
-794b6 (base 12) to base 9
-265373
What is 101110220122 (base 3) in base 5?
23044433
What is -10011120013 (base 4) in base 12?
-437687
-333542040 (base 6) to base 11
-347136a
What is 6513556 (base 7) in base 8?
3016055
What is 95071 (base 11) in base 5?
13413002
Convert -58963 (base 16) to base 9.
-612657
Convert -32012132122 (base 4) to base 13.
-9c5701
Convert -25232543 (base 6) to base 4.
-3012202233
Convert 2223252 (base 7) to base 15.
566a3
Convert -314a4 (base 11) to base 14.
-129d2
247288 (base 10) to base 9
416184
Convert -1003323322 (base 4) to base 14.
-735a2
4470cc (base 13) to base 7
16504230
Convert -240335 (base 8) to base 10.
-82141
Convert -100302311330 (base 4) to base 13.
-bb1b82
What is 2883154 (base 11) in base 14?
92cd79
Convert -11deb72 (base 15) to base 6.
-1135331325
What is 21212001120 (base 3) in base 9?
255046
Convert 738990 (base 11) to base 7.
13025214
377411 (base 9) to base 13
8001a
-1706221 (base 9) to base 16
-e7c5b
What is -7a4397 (base 12) in base 9?
-3612007
-10b2389 (base 12) to base 15
-438783
What is -104331 (base 5) in base 16?
-e84
Convert 10101100000110001011 (base 2) to base 5.
140024112
Convert -1441715 (base 10) to base 16.
-15ffb3
What is -18a593 (base 16) in base 2?
-110001010010110010011
25453426 (base 8) to base 11
3215261
2232021332 (base 4) to base 5
140311332
What is 175677 (base 8) in base 12?
31367
Convert 351150 (base 7) to base 5.
4002403
7da63 (base 15) to base 8
1416321
-55d60 (base 14) to base 10
-208432
-10000000100110001011100 (base 2) to base 6
-230152324
What is -379734 (base 14) in base 6?
-104523350
10011110001010100111010 (base 2) to base 8
23612472
Convert 11201000102 (base 3) to base 13.
331b8
What is ba82 (base 14) in base 5?
2013013
-122a3a5 (base 13) to base 7
-66005523
What is -2332320424 (base 5) in base 11?
-30279a8
3523731 (base 10) to base 4
31130102103
-8a8ba (base 14) to base 7
-2601023
Convert 12033020242 (base 5) to base 16.
d4ed8f
-592ba2 (base 12) to base 15
-1d56eb
93ad0 (base 15) to base 2
1110010010011100011
Convert 473982 (base 10) to base 9.
802156
1101011001010001000011 (base 2) to base 7
41563132
568738 (base 13) to base 10
2046637
-eb67 (base 16) to base 5
-3412023
Convert 211444220 (base 5) to base 7.
10366246
Convert 315000 (base 8) to base 10.
104960
-1011111000101001110 (base 2) to base 16
-5f14e
Convert -39402 (base 13) to base 3.
-12101120220
200000321 (base 4) to base 10
131129
Convert -4cdee (base 16) to base 5.
-40033422
130233 (base 11) to base 12
9a944
Convert -202020122 (base 3) to base 5.
-433014
113b84c (base 13) to base 4
110100032320
22120420 (base 5) to base 13
69501
What is -1bb93 (base 16) in base 13?
-3c8c0
What is -111201210121211 (base 3) in base 8?
-33656651
Convert be15c (base 15) to base 14.
11a3c1
2687761 (base 10) to base 5
1142002021
Convert 7520159 (base 10) to base 4.
130223332133
Convert -11bbc (base 13) to base 12.
-16b70
What is 4815a2a (base 11) in base 12?
298b59a
-261a79 (base 14) to base 7
-14100012
1001011100101000100101 (base 2) to base 6
125025353
220243022 (base 5) to base 2
11100111000111001101
Convert 124817 (base 9) to base 16.
127e7
Convert -f65f (base 16) to base 8.
-173137
-122011100222102 (base 3) to base 2
-100010110010101011110111
What is -24300262 (base 8) in base 9?
-11040866
What is -11001110100111011110110 (base 2) in base 7?
-111355561
Convert 28167 (base 10) to base 14.
a39d
What is 10332230223 (base 4) in base 2?
100111110101100101011
What is 451416 (base 11) in base 10?
719241
What is -113202 (base 10) in base 7?
-651015
Convert -700656 (base 8) to base 14.
-5da6a
-20111220122 (base 3) to base 2
-11111010011110000
What is -45610 (base 12) in base 2?
-10110100100101100
What is 100001111100111011 (base 2) in base 7?
1116305
What is ac199 (base 13) in base 15?
627ce
3bab2 (base 12) to base 6
1435142
Convert 61acb7 (base 13) to base 4.
20230300103
Convert 707304 (base 9) to base 12.
182371
-1010001001000111111110 (base 2) to base 3
-12000002012121
Convert -17e6be (base 15) to base 8.
-4336441
What is -aac37 (base 13) in base 8?
-1134626
-44796 (base 13) to base 8
-362662
What is -6603004 (base 8) in base 4?
-12300120010
269809 (base 11) to base 14
b0196
What is -26633264 (base 7) in base 15?
-339818
What is 3682376 (base 9) in base 4?
13220332323
What is 1224315 (base 7) in base 13?
5696a
51aab (base 14) to base 2
110000000101000111
Convert 5526005 (base 11) to base 5.
4440402313
Convert ab477 (base 12) to base 8.
673333
Convert -326204 (base 11) to base 7.
-4265660
Convert -1060434 (base 8) to base 7.
-2303514
-152450 (base 8) to base 9
-82761
What is 531440 (base 14) in base 10?
2807952
Convert 1001111100101110011111 (base 2) to base 6.
131522115
111b161 (base 12) to base 4
30133200121
Convert 1101111110110101001 (base 2) to base 3.
212021110122
-46919 (base 10) to base 3
-2101100202
Convert -400304124 (base 5) to base 15.
-210d79
-387560a (base 12) to base 3
-202220002211101
What is 8091 (base 11) in base 7?
43223
Convert -d99c4 (base 14) to base 3.
-222201120222
137484 (base 11) to base 2
110100011101010011
Convert 6a742a8 (base 11) to base 8.
57065217
What is -32156 (base 15) in base 14?
-41cc3
59918 (base 10) to base 3
10001012012
Convert 13516312 (base 8) to base 11.
17a7126
Convert 100000110101101010 (base 2) to base 15.
29cc1
Convert -12144132100 (base 5) to base 13.
-2cb8b29
-3204221 (base 6) to base 10
-156469
-101001100011010011110 (base 2) to base 10
-1361566
-530637 (base 9) to base 4
-1031000320
What is -1744de (base 16) in base 10?
-1524958
44526115 (base 8) to base 16
92ac4d
Convert 11002210220011 (base 3) to base 13.
5b49b3
-3b36 (base 14) to base 10
-10436
What is -25033416 (base 9) in base 5?
-11113322402
-31e398 (base 15) to base 10
-2376818
What is 107537 (base 8) in base 16?
8f5f
What is -100210010 (base 4) in base 12?
-33318
What is -3011636 (base 9) in base 13?
-44130c
Convert 174420 (base 12) to base 2.
1100010000001011000
91811 (base 11) to base 5
13242310
1407bc6 (base 13) to base 14
baa8a9
Convert 521530 (base 7) to base 8.
256546
-125003153 (base 6) to base 2
-1001011011111000001101
-1009c8 (base 13) to base 6
-11554430
What is 201103121 (base 4) in base 11?
93539
-1ac85 (base 16) to base 4
-122302011
What is -1235072 (base 9) in base 10?
-672932
11202112102120 (base 3) to base 2
1001101001101010010110
-957404 (base 12) to base 11
-1369a87
-10000111011111000101 (base 2) to base 9
-1035220
What is 4023b (base 15) in base 13?
7152b
Convert -64300320 (base 8) to base 11.
-7828609
Convert -1013143014 (base 6) to base 9.
-21700611
Convert -4030041101 (base 5) to base 13.
-188ab44
Convert -133012103213 (base 4) to base 8.
-37062347
Convert -812657 (base 9) to base 12.
-1b23b1
11101101100000110010 (base 2) to base 3
1211102111111
Convert 138c3 (base 14) to base 12.
24003
305441 (base 6) to base 5
1241302
Convert -89961 (base 13) to base 6.
-5204433
-5a98 (base 11) to base 15
-2567
-1489470 (base 10) to base 8
-5535076
c37b8 (base 13) to base 6
11303225
What is 738bd (base 15) in base 16?
5978e
Convert 10145164 (base 8) to base 2.
1000001100101001110100
110025043 (base 6) to base 8
7372363
What is 1441321 (base 7) in base 9?
326421
What is 10110110011010101101100 (base 2) in base 12?
2003210
Convert -a00b30 (base 12) to base 4.
-21133321110
Convert -ca97 (base 16) to base 14.
-14c87
What is -47c50 (base 14) in base 15?
-36e14
-2808771 (base 9) to base 16
-178669
Convert -2628382 (base 9) to base 5.
-331431242
What is -334628 (base 9) in base 11?
-127503
261085 (base 10) to base 11
169180
12d06ca (base 14) to base 13
1b6a945
-13011514 (base 7) to base 15
-18472a
-6052245 (base 8) to base 10
-1594533
110001100010010011100 (base 2) to base 16
18c49c
What is -1072363 (base 9) in base 16?
-8d636
Convert -c112a (base 16) to base 6.
-24541122
What is -f6b43 (base 16) in base 7?
-11406030
-552211 (base 7) to base 2
-10111101001000000
What is -20013120301 (base 4) in base 10?
-2127409
-133271 (base 11) to base 16
-33187
Convert 5a689 (base 15) to base 12.
11aa56
Convert 7579b (base 14) to base 6.
10031245
Convert -11200210000020 (base 3) to base 14.
-48d56d
What is 430441 (base 10) in base 5?
102233231
Convert 342d6a (base 14) 